{"id":601,"date":"2016-01-08T13:05:09","date_gmt":"2016-01-08T12:05:09","guid":{"rendered":"http:\/\/hausarzt-stuttgart-rot.de\/lindemann\/?page_id=601"},"modified":"2020-06-04T10:36:00","modified_gmt":"2020-06-04T08:36:00","slug":"hausarztzentrierte-versorgung","status":"publish","type":"page","link":"https:\/\/hausarzt-stuttgart-rot.de\/lindemann\/leistungen\/hausarztzentrierte-versorgung\/","title":{"rendered":"Hausarztzentrierte Versorgung"},"content":{"rendered":"<p>[vc_row][vc_column width=&#8220;1\/1&#8243;]<h1 class=\"headline font-inherit fontsize-xxl fontweight-500 lh-inherit align-center transform-uppercase \" style=\"margin: 0 0 20px 0;\">Hausarztzentrierte Versorgung (HZV)<\/h1>[\/vc_column][\/vc_row][vc_row][vc_column width=&#8220;1\/2&#8243;][vc_column_text]In der hausarztzentrierte Versorgung (HZV) wird ein neues Modell der Abrechung zwischen Krankenkassen und \u00c4rzten erprobt. Dazu haben die gesetzlichen Krankenkassen Vertr\u00e4ge mit \u00c4rztegruppen abgeschlossen, die sog. Hausarztprogramme. Bei Teilnahme verpflichtet sich der Patient f\u00fcr mindestens ein Jahr, bei gesundheitlichen Problemen immer zuerst zu seinem Hausarzt zu gehen. Ausgenommen sind Notf\u00e4lle, Besuche beim Frauen-, Augen- und Kinderarzt. Der Hausarzt \u00fcbernimmt die Behandlung und \u00fcberweist bei Bedarf an andere Fach\u00e4rzte (Facharztbesuche nur mit \u00dcberweisung!).[\/vc_column_text][\/vc_column][vc_column width=&#8220;1\/2&#8243;][vc_column_text]Dadurch sollen Mehrfachuntersuchungen, unn\u00f6tige Besuche bei anderen \u00c4rzten und unn\u00f6tige Krankenhauseinweisungen vermieden werden.<\/p>\n<p>Vorteile f\u00fcr den Patienten sind teilweise verminderte Zuzahlungen bei Medikamenten, das Angebot einer Abendsprechstunde und teilweise schnellere Termine bei Fach\u00e4rzten und Psychotherapeuten (abh\u00e4ngig von der Krankenkasse).<\/p>\n<p><strong>Bitte fragen Sie bei Interesse nach.<\/strong>[\/vc_column_text][\/vc_column][\/vc_row]<\/p>\n","protected":false},"excerpt":{"rendered":"<p>[vc_row][vc_column width=&#8220;1\/1&#8243;][\/vc_column][\/vc_row][vc_row][vc_column width=&#8220;1\/2&#8243;][vc_column_text]In der hausarztzentrierte Versorgung (HZV) wird ein neues Modell der Abrechung zwischen Krankenkassen und \u00c4rzten erprobt. Dazu haben die gesetzlichen Krankenkassen Vertr\u00e4ge mit \u00c4rztegruppen abgeschlossen, die sog. Hausarztprogramme. Bei Teilnahme verpflichtet sich der Patient f\u00fcr mindestens ein Jahr, bei gesundheitlichen Problemen immer zuerst zu seinem Hausarzt zu gehen. Ausgenommen sind Notf\u00e4lle, Besuche beim Frauen-, Augen- und Kinderarzt. Der Hausarzt \u00fcbernimmt die Behandlung und \u00fcberweist bei Bedarf an andere Fach\u00e4rzte (Facharztbesuche nur mit \u00dcberweisung!).[\/vc_column_text][\/vc_column][vc_column width=&#8220;1\/2&#8243;][vc_column_text]Dadurch sollen Mehrfachuntersuchungen, unn\u00f6tige Besuche bei anderen \u00c4rzten und unn\u00f6tige Krankenhauseinweisungen vermieden werden. Vorteile f\u00fcr den Patienten sind teilweise verminderte Zuzahlungen bei Medikamenten, das Angebot einer Abendsprechstunde und teilweise schnellere Termine bei Fach\u00e4rzten und Psychotherapeuten (abh\u00e4ngig von der Krankenkasse). Bitte fragen Sie bei Interesse nach.[\/vc_column_text][\/vc_column][\/vc_row]<\/p>\n","protected":false},"author":1,"featured_media":0,"parent":12,"menu_order":0,"comment_status":"closed","ping_status":"closed","template":"","meta":{"footnotes":""},"class_list":["post-601","page","type-page","status-publish","hentry"],"aioseo_notices":[],"_links":{"self":[{"href":"https:\/\/hausarzt-stuttgart-rot.de\/lindemann\/wp-json\/wp\/v2\/pages\/601","targetHints":{"allow":["GET"]}}],"collection":[{"href":"https:\/\/hausarzt-stuttgart-rot.de\/lindemann\/wp-json\/wp\/v2\/pages"}],"about":[{"href":"https:\/\/hausarzt-stuttgart-rot.de\/lindemann\/wp-json\/wp\/v2\/types\/page"}],"author":[{"embeddable":true,"href":"https:\/\/hausarzt-stuttgart-rot.de\/lindemann\/wp-json\/wp\/v2\/users\/1"}],"replies":[{"embeddable":true,"href":"https:\/\/hausarzt-stuttgart-rot.de\/lindemann\/wp-json\/wp\/v2\/comments?post=601"}],"version-history":[{"count":3,"href":"https:\/\/hausarzt-stuttgart-rot.de\/lindemann\/wp-json\/wp\/v2\/pages\/601\/revisions"}],"predecessor-version":[{"id":692,"href":"https:\/\/hausarzt-stuttgart-rot.de\/lindemann\/wp-json\/wp\/v2\/pages\/601\/revisions\/692"}],"up":[{"embeddable":true,"href":"https:\/\/hausarzt-stuttgart-rot.de\/lindemann\/wp-json\/wp\/v2\/pages\/12"}],"wp:attachment":[{"href":"https:\/\/hausarzt-stuttgart-rot.de\/lindemann\/wp-json\/wp\/v2\/media?parent=601"}],"curies":[{"name":"wp","href":"https:\/\/api.w.org\/{rel}","templated":true}]}}