{"id":22,"date":"2015-11-17T09:55:21","date_gmt":"2015-11-17T08:55:21","guid":{"rendered":"http:\/\/hausarzt-stuttgart-rot.de\/lindemann\/?page_id=22"},"modified":"2022-02-18T14:36:00","modified_gmt":"2022-02-18T13:36:00","slug":"team","status":"publish","type":"page","link":"https:\/\/hausarzt-stuttgart-rot.de\/lindemann\/aerzte-team\/team\/","title":{"rendered":"Team"},"content":{"rendered":"<p>[vc_row][vc_column el_class=&#8220;hidden&#8220; width=&#8220;1\/1&#8243;]<h1 class=\"headline font-inherit fontsize-xxl fontweight-500 lh-inherit align-center transform-uppercase \" style=\"margin: 0 0 20px 0;\">Unser freundliches &amp; kompetentes Team erwartet Sie!<\/h1><h2 class=\"headline font-inherit fontsize-xxl fontweight-500 lh-inherit align-center transform-uppercase \" style=\"margin: 0 0 20px 0;\"><\/h2><div class=\"single_image wpb_content_element align-left  animate   \" data-animation=\"fade-in\" data-delay=\"0\"><img loading=\"lazy\" decoding=\"async\" width=\"1200\" height=\"700\" src=\"https:\/\/hausarzt-stuttgart-rot.de\/lindemann\/wp-content\/uploads\/sites\/2\/2015\/11\/team-dr-lindemann-hausarzt-stuttgart.jpg\" class=\"attachment-full\" alt=\"Team Dr. B. Lindemann Hausarzt Stuttgart Rot Zuffenhausen Freiberg\" srcset=\"https:\/\/hausarzt-stuttgart-rot.de\/lindemann\/wp-content\/uploads\/sites\/2\/2015\/11\/team-dr-lindemann-hausarzt-stuttgart.jpg 1200w, https:\/\/hausarzt-stuttgart-rot.de\/lindemann\/wp-content\/uploads\/sites\/2\/2015\/11\/team-dr-lindemann-hausarzt-stuttgart-300x175.jpg 300w\" sizes=\"auto, (max-width: 1200px) 100vw, 1200px\" \/><\/div>[vc_column_text]<strong>Unser Team:<\/strong> v.l.n.r.: Frau Dr. Lindemann, Frau Horlacher, Frau G\u00f6ttig, Frau Felger, Frau K\u00f6nig, Frau Friedlein, Frau Vettermann und Frau Dr. Hofmann. Noch nicht auf dem Bild: <a href=\"http:\/\/hausarzt-stuttgart-rot.de\/lindemann\/aerzte-team\/aerzte\/\">Dr. K\u00f6rting<\/a>[\/vc_column_text][vc_column_text]<\/p>\n<h2>Unsere Arzthelferinnen haben jederzeit ein offenes Ohr f\u00fcr Ihre Anliegen.<\/h2>\n<p>Zu ihren Aufgaben geh\u00f6ren neben der Terminvergabe und der Organisation der Sprechstunde die Blutentnahmen sowie Blutzuckermessungen und Urinuntersuchungen. Sie f\u00fchren die meisten technischen Untersuchungen wie LZ-Blutdruckmessung, Langzeit EKG oder Lungenfunktion durch, deren Ergebnis dann mit der \u00c4rztin besprochen wird.<\/p>\n<p>Nach \u00e4rztlicher R\u00fccksprache und entsprechender Weiterbildung f\u00fchren die Helferinnen auch Verbandswechsel und Impfungen durch und geben Spritzen oder legen Infusionen an.<\/p>\n<p>Ebenfalls k\u00f6nnen die Helferinnen das sogenannte geriatrische Assessment beim \u00e4lteren Menschen durchf\u00fchren oder nehmen zuhause Blut ab.[\/vc_column_text][\/vc_column][\/vc_row][vc_row][vc_column width=&#8220;1\/1&#8243;]<h1 class=\"headline font-inherit fontsize-xxl fontweight-500 lh-inherit align-center transform-uppercase \" style=\"margin: 0 0 20px 0;\">Unser freundliches &amp; kompetentes Team erwartet Sie!<\/h1>[vc_column_text][\/vc_column_text]<h3 class=\"headline font-inherit fontsize-xxl fontweight-500 lh-inherit align-center transform-uppercase \" style=\"margin: 0 0 20px 0;\"><\/h3><div class=\"single_image wpb_content_element align-left  animate   \" data-animation=\"fade-in\" data-delay=\"0\"><img loading=\"lazy\" decoding=\"async\" width=\"962\" height=\"535\" src=\"https:\/\/hausarzt-stuttgart-rot.de\/lindemann\/wp-content\/uploads\/sites\/2\/2019\/06\/Praxisteam-1-4.jpg\" class=\"attachment-full\" alt=\"\" srcset=\"https:\/\/hausarzt-stuttgart-rot.de\/lindemann\/wp-content\/uploads\/sites\/2\/2019\/06\/Praxisteam-1-4.jpg 962w, https:\/\/hausarzt-stuttgart-rot.de\/lindemann\/wp-content\/uploads\/sites\/2\/2019\/06\/Praxisteam-1-4-300x167.jpg 300w, https:\/\/hausarzt-stuttgart-rot.de\/lindemann\/wp-content\/uploads\/sites\/2\/2019\/06\/Praxisteam-1-4-768x427.jpg 768w\" sizes=\"auto, (max-width: 962px) 100vw, 962px\" \/><\/div>[vc_column_text]<strong>Unser Team (2020):<\/strong> v.l.n.r.: Frau G\u00f6ttig, Frau Dr. Lindemann, Frau Burk, Herr Dr. K\u00f6rting, Frau Felger, Frau K\u00f6nig, Frau Friedlein.[\/vc_column_text][vc_column_text]<\/p>\n<h2>Unsere Arzthelferinnen haben jederzeit ein offenes Ohr f\u00fcr Ihre Anliegen.<\/h2>\n<p>Zu ihren Aufgaben geh\u00f6ren neben der Terminvergabe und der Organisation der Sprechstunde die Blutentnahmen sowie Blutzuckermessungen und Urinuntersuchungen. Sie f\u00fchren die meisten technischen Untersuchungen wie LZ-Blutdruckmessung, Langzeit EKG oder Lungenfunktion durch, deren Ergebnis dann mit der \u00c4rztin besprochen wird.<\/p>\n<p>Nach \u00e4rztlicher R\u00fccksprache und entsprechender Weiterbildung f\u00fchren die Helferinnen auch Verbandswechsel und Impfungen durch und geben Spritzen oder legen Infusionen an.<\/p>\n<p>Ebenfalls k\u00f6nnen die Helferinnen das sogenannte geriatrische Assessment beim \u00e4lteren Menschen durchf\u00fchren oder nehmen zuhause Blut ab.[\/vc_column_text][\/vc_column][\/vc_row]<\/p>\n","protected":false},"excerpt":{"rendered":"<p>[vc_row][vc_column el_class=&#8220;hidden&#8220; width=&#8220;1\/1&#8243;][vc_column_text]Unser Team: v.l.n.r.: Frau Dr. Lindemann, Frau Horlacher, Frau G\u00f6ttig, Frau Felger, Frau K\u00f6nig, Frau Friedlein, Frau Vettermann und Frau Dr. Hofmann. Noch nicht auf dem Bild: Dr. K\u00f6rting[\/vc_column_text][vc_column_text] Unsere Arzthelferinnen haben jederzeit ein offenes Ohr f\u00fcr Ihre Anliegen. Zu ihren Aufgaben geh\u00f6ren neben der Terminvergabe und der Organisation der Sprechstunde die Blutentnahmen sowie Blutzuckermessungen und Urinuntersuchungen. Sie f\u00fchren die meisten technischen Untersuchungen wie LZ-Blutdruckmessung, Langzeit EKG oder Lungenfunktion durch, deren Ergebnis dann mit der \u00c4rztin besprochen wird. Nach \u00e4rztlicher R\u00fccksprache und entsprechender Weiterbildung f\u00fchren die Helferinnen auch Verbandswechsel und Impfungen durch und geben Spritzen oder legen Infusionen an. Ebenfalls k\u00f6nnen die Helferinnen das sogenannte geriatrische Assessment beim \u00e4lteren Menschen durchf\u00fchren oder nehmen zuhause Blut ab.[\/vc_column_text][\/vc_column][\/vc_row][vc_row][vc_column width=&#8220;1\/1&#8243;][vc_column_text][\/vc_column_text][vc_column_text]Unser Team (2020): v.l.n.r.: Frau G\u00f6ttig, Frau Dr. Lindemann, Frau Burk, Herr Dr. K\u00f6rting, Frau Felger, Frau K\u00f6nig, Frau Friedlein.[\/vc_column_text][vc_column_text] Unsere Arzthelferinnen haben jederzeit ein offenes Ohr f\u00fcr Ihre Anliegen. Zu ihren Aufgaben geh\u00f6ren neben der Terminvergabe und der Organisation der Sprechstunde die Blutentnahmen sowie Blutzuckermessungen und Urinuntersuchungen. Sie f\u00fchren die meisten technischen Untersuchungen wie LZ-Blutdruckmessung, Langzeit EKG oder Lungenfunktion durch, deren Ergebnis dann mit der \u00c4rztin besprochen wird. Nach \u00e4rztlicher R\u00fccksprache und entsprechender Weiterbildung f\u00fchren die Helferinnen auch Verbandswechsel und Impfungen [&hellip;]<\/p>\n","protected":false},"author":1,"featured_media":0,"parent":10,"menu_order":0,"comment_status":"closed","ping_status":"closed","template":"","meta":{"footnotes":""},"class_list":["post-22","page","type-page","status-publish","hentry"],"aioseo_notices":[],"_links":{"self":[{"href":"https:\/\/hausarzt-stuttgart-rot.de\/lindemann\/wp-json\/wp\/v2\/pages\/22","targetHints":{"allow":["GET"]}}],"collection":[{"href":"https:\/\/hausarzt-stuttgart-rot.de\/lindemann\/wp-json\/wp\/v2\/pages"}],"about":[{"href":"https:\/\/hausarzt-stuttgart-rot.de\/lindemann\/wp-json\/wp\/v2\/types\/page"}],"author":[{"embeddable":true,"href":"https:\/\/hausarzt-stuttgart-rot.de\/lindemann\/wp-json\/wp\/v2\/users\/1"}],"replies":[{"embeddable":true,"href":"https:\/\/hausarzt-stuttgart-rot.de\/lindemann\/wp-json\/wp\/v2\/comments?post=22"}],"version-history":[{"count":48,"href":"https:\/\/hausarzt-stuttgart-rot.de\/lindemann\/wp-json\/wp\/v2\/pages\/22\/revisions"}],"predecessor-version":[{"id":1523,"href":"https:\/\/hausarzt-stuttgart-rot.de\/lindemann\/wp-json\/wp\/v2\/pages\/22\/revisions\/1523"}],"up":[{"embeddable":true,"href":"https:\/\/hausarzt-stuttgart-rot.de\/lindemann\/wp-json\/wp\/v2\/pages\/10"}],"wp:attachment":[{"href":"https:\/\/hausarzt-stuttgart-rot.de\/lindemann\/wp-json\/wp\/v2\/media?parent=22"}],"curies":[{"name":"wp","href":"https:\/\/api.w.org\/{rel}","templated":true}]}}